he prime factors of o?
3, 107
Let t = 67 - 31. Let b be (100/3)/(12/t). List the prime factors of ((-12)/(-10))/((-288)/b - -3).
2, 5
Let d(p) = 19732*p**2 - 199*p - 198. List the prime factors of d(-1).
7, 2819
Let t(v) = v**3 + 4*v + 3. Suppose 0 = 2*b - 2*m - 8, -2*m - 26 = -4*b - 0*m. Let c be t(b). Suppose -11*h = -5*h - c. What are the prime factors of h?
2
Let i = -1227 - -2709. Suppose w - b = 191 + 109, -4*b + i = 5*w. What are the prime factors of w?
2, 149
Let d = 3400 - 3427. Suppose 2*u + m = -124, 0 = 2*u - m - 4*m + 100. Let g = d - u. What are the prime factors of g?
3, 11
Let l be (-7 - -4) + 4 + 3. Suppose -5*k - x = l*x - 5310, 2*k - 2*x = 2120. List the prime factors of k.
1061
Let p be 43/86*(-100)/(-2). Suppose -52*m + p*m + 3564 = 0. List the prime factors of m.
2, 3, 11
Let z(b) = 2 + 0 + 5 - 6*b + 139*b**2. Let o be z(1). Suppose 7*k - 910 = -o. List the prime factors of k.
2, 5, 11
Suppose -2*k = -i - 18, -3*i - 2*i - 41 = -3*k. Suppose -8*l = -k*l. What are the prime factors of 0 + (28 + l - 3)?
5
Let c = 28 + -25. Suppose 613 + 206 = -c*x. What are the prime factors of x/(-3) + (1 - 5)?
3, 29
Let f(v) = 8*v**2 + 7*v + 447. List the prime factors of f(-31).
2, 37, 107
Suppose -g - 23 = -n, 5*n = -5*g + 7*n - 106. Let x = g - -40. Let h = x - -195. List the prime factors of h.
5, 43
Suppose -7*p + 5*p - 4*d + 60860 = 0, 0 = 2*p + d - 60866. What are the prime factors of p?
2, 15217
Let l(x) = 126*x - 47. Let d be (8/(-16))/(13/(-6) - -2). List the prime factors of l(d).
331
Let q(k) = k**3 + 11*k**2 + 11*k + 10. Let a be q(-10). Suppose 0 = -2*w - a*w - 6. What are the prime factors of w + -4*(-3)/(-12)*-94?
7, 13
Let v(g) be the second derivative of g**4/12 + 2*g**3 + 16*g**2 - 5*g. Suppose -u = -h + 18, 0 = -5*u - 7*h + 2*h - 60. List the prime factors of v(u).
7, 11
Let d be -3 - 56/(-14 - -6). Suppose -d*s = 9 - 1437. List the prime factors of s.
3, 7, 17
Suppose 14858 = q - 2*o, -14677 - 229 = -q - 4*o. List the prime factors of q.
2, 3, 37, 67
Suppose n - 22 = -4*y - 7, 0 = 3*y - 4*n + 3. Suppose -4*s - 155 = -5*s - 5*k, -385 = -y*s + 5*k. List the prime factors of s.
3, 5
Let o = -7 - -4. Suppose -250 - 54 = -16*a. Let n = o + a. What are the prime factors of n?
2
Suppose -2*g - 2*g + f + 1015 = 0, 0 = 4*f - 20. Suppose -w = 2*s - g, 3*w - s = 8*w - 1248. Let q = w + -113. What are the prime factors of q?
2, 17
Suppose 0 = 21*x - 4*x - 13243. Let d = x + -66. What are the prime factors of d?
23, 31
Let f(r) = 265*r**2 - 29*r + 12. List the prime factors of f(-9).
2, 3, 3623
List the prime factors of (-250 + 261)/((-1)/(-191)).
11, 191
Let d(s) = 5324*s - 4372. List the prime factors of d(7).
2, 257
Suppose 0 = 95*m - 135144 + 174585 - 724486. What are the prime factors of m?
7211
Let f be -10*(-8)/((-96)/(-234)). Let s = 465 - f. What are the prime factors of s?
2, 3, 5
Suppose -12 = -4*n, 0 = -17*r + 13*r + 2*n + 72326. What are the prime factors of r?
13, 107
Let w(v) = 122*v + 2. Let t be w(-6). Let l = -464 - t. What are the prime factors of (l/70)/(2/10)?
19
Suppose -4*k + 2316 + 8354 = l, -4*l - k + 42710 = 0. List the prime factors of l.
2, 19, 281
Suppose -3*n + 21558 = h, 0*n - 3*h - 7176 = -n. Suppose n = -10*k + 25*k. List the prime factors of k.
479
List the prime factors of -5 - 0/3 - 590548/(-131).
3, 19, 79
Let u(b) = b**3 - b**2 - 3*b - 7. Let a be u(3). Let j be 179339/786 - a/(-12)*-1. Suppose 0 = 2*v + 4*v - j. List the prime factors of v.
2, 19
Suppose -13*f = -8*f, -3*m = f - 801. Let d be (-8)/(-10)*(-710)/4. Let i = m + d. List the prime factors of i.
5
Let u = -12392 - -4684. Let d = u - -12203. What are the prime factors of 0 + d/20 + 1/4?
3, 5
Suppose -14*x + 2554 = 314. List the prime factors of -5*((-10)/2 + (-47904)/x).
2, 761
Suppose 4*b + 4*k = 51324, 5*b = 5*k - 13956 + 78091. List the prime factors of b.
12829
Let i(z) be the third derivative of -z**6/120 - 13*z**5/60 + 9*z**4/8 + 41*z**3/2 + z**2 + 10. List the prime factors of i(-17).
2, 5, 41
List the prime factors of (-5199636)/(-312) - 21/(-6).
79, 211
What are the prime factors of 1760/6*(144/30 - 0)?
2, 11
Suppose -312694 + 1938571 = 224*y - 847083. List the prime factors of y.
2, 3, 5, 23
Suppose f + 638 = -3*x + 5510, -2*x = -f + 4882. What are the prime factors of f?
2, 3, 271
Suppose 7*b = 1231 - 1287. List the prime factors of (-16)/b - ((-2)/2 - 552).
3, 5, 37
Let q = 60 - 56. Suppose -4*b + 536 = q*z - 8*b, -8 = -4*b. Suppose -z - 84 = -5*g. List the prime factors of g.
2, 11
Let d = -12 + 5. Let j(q) = -3*q**3 - 3*q**2 + 2*q + 53. What are the prime factors of j(d)?
3, 307
Let b(p) = -4*p**3 + 2*p + 2. Let i be b(-1). Let a be (78/i)/((-5)/(-10)) + -2. Suppose -44*s + a*s + 343 = 0. What are the prime factors of s?
7
Suppose 21*x - 315213 = 109806. What are the prime factors of x?
37, 547
Suppose -27*r + 78 = -489. Suppose 4*l - 2640 = -3*h, -5*h + 23*l = r*l - 4426. What are the prime factors of h?
2, 13, 17
Suppose -2*m + 2*h = -3*m, 5*m = 4*h. Suppose -5*c + 723 + 69 = 4*x, m = 2*c + x - 315. What are the prime factors of c?
2, 3, 13
Suppose 3*x - 232 = t, -2*t + 76 = -3*x + 306. Suppose -58 = 2*d - 4*i, d - 2*d + 4*i = 37. Let g = d + x. What are the prime factors of g?
3, 19
Let h(n) = -n**3 - n**2 - n - 1. Let w = 90 - 95. Let x(s) = -4*s**3 - 22*s**2 + 6*s + 17. Let i(b) = w*h(b) + x(b). What are the prime factors of i(17)?
11, 19
Suppose -24 = -5*n + n, f + 8*n - 4773 = 0. What are the prime factors of f?
3, 5, 7
Suppose f + 3*q - 14 = -2*q, q + 70 = 5*f. What are the prime factors of 96/168 - (-8028)/f?
2, 7, 41
Let l(f) be the second derivative of 3*f**4/4 - 2*f**3 + 4*f**2 + 104*f. List the prime factors of l(-8).
2, 5, 17
Suppose 5*w - 19 = -3*m, -4 - 19 = -3*w + 4*m. Suppose 21 - 21 = -w*o. Suppose 4*x = 5*g - 0*g - 658, o = 2*g - 3*x - 266. What are the prime factors of g?
2, 5, 13
Let d(x) = -x**2 + 13*x + 34. Let t be d(10). Suppose -15*u = -11*u - t. Suppose -4*z = u - 368. What are the prime factors of z?
2, 11
Let t(j) = 537*j**2 + 22*j + 69. What are the prime factors of t(-5)?
2, 7, 239
Let b(k) = -6144*k - 7944. List the prime factors of b(-8).
2, 3, 17, 101
Let g(u) = -53*u + 2 - 10*u - 43*u. What are the prime factors of g(-4)?
2, 3, 71
Let o be ((-16)/40)/(2/430). Let u = o + 88. Suppose -15 = -5*y, -u*y - 26 + 470 = 3*v. List the prime factors of v.
2, 73
Let y be (189/(-14))/(3/(-4)). Suppose -y = -6*c + 9*c. List the prime factors of c/21 - (-261)/7.
37
Let p(s) = s**3 + 44*s**2 + 54*s + 25. List the prime factors of p(-41).
2, 1427
Suppose -5767 - 2162 = -9*g. List the prime factors of g.
881
Suppose d + 5*c - 4*c = 1, 25 = -5*d + c. Let r be ((-6)/((-2)/1))/((-6)/d). Suppose 5*m + r*s + 2*s - 684 = 0, -s + 416 = 3*m. List the prime factors of m.
2, 5, 7
Suppose 146*t - 3*g = 145*t + 4908, 0 = 3*t + 3*g - 14688. List the prime factors of t.
3, 23, 71
Let w(n) = 60*n + 1337. List the prime factors of w(115).
8237
Let q = 241 + -232. Suppose -q*b + 335 + 511 = 0. List the prime factors of b.
2, 47
Let p(w) = -2*w**3 - 18*w**2 - 15*w + 7. Let o be p(-8). What are the prime factors of (2946/18 - -4)*(-3)/o?
503
Suppose -4*m + 12 = 2*b, -14 = 3*b - 7*b - 3*m. Suppose b*j + 7140 = 12*j. List the prime factors of j.
2, 3, 7, 17
Let i = -156 - -156. Suppose -8*h + 2571 + 1997 = i. List the prime factors of h.
571
Let p(v) = 211*v + 575. Let k(b) = -104*b - 288. Let x(r) = -5*k(r) - 2*p(r). List the prime factors of x(6).
2, 439
Suppose 13*w - w - 480 = 0. What are the prime factors of (-16)/((-2)/5*w/16)?
2
Suppose 4 = 3*m + 2*w, -w + 0*w + 4 = 2*m. Let x be -6*(m + (-31)/2). Suppose -x = 4*d - 405. What are the prime factors of d?
2, 3, 7
Let l = -39 + 46. Suppose l = 2*y - 1. Suppose -2*b + 52 = -3*p + 4*p, -y*b = 5*p - 260. What are the prime factors of p?
2, 13
Let s = -21173 + 44253. What are the prime factors of s?
2, 5, 577
Suppose -225877 - 399233 = -10*j. What are the prime factors of j?
3, 67, 311
Let g(i) = -i**2 - 11*i + 12. Let h be g(-11). Let t = 9 + 1. Suppose h*r - t*r = 166. List the prime factors of r.
83
Let u = 21805 + -14695. List the prime factors of u.
2, 3, 5, 79
Suppose -l + 39 = 34. Suppose -4*g = -3*p + 4718, l*p - 8457 = -3*g - 555. List the prime factors of p